5, -3*u = -2*r - 1. List the prime factors of u.
3
List the prime factors of (-75)/((-84)/77 - (-1 - 0)).
3, 5, 11
Let p = -16 + 14. What are the prime factors of (0 + -1)*-49 + p?
47
Let d(z) = 2*z**3 - 2*z**2 + 2*z + 9. Let m be d(7). Let a = m - 412. List the prime factors of a.
199
Suppose 0 = -0*x + 5*x - 20. Suppose 0 = -5*g + 3*m - 32, g - x*m = -0*g - 20. Let a = g - -20. What are the prime factors of a?
2
Let v = -8 + 26. What are the prime factors of v*(-8)/(-6) - -3?
3
Let k(l) = 8*l**2 + 13*l - 9. List the prime factors of k(-5).
2, 3, 7
Let i be 5*(2/(-2) + 0 + 2). Suppose -4*u + 353 = 5*m, -i*u + 171 = -3*u - 3*m. What are the prime factors of u?
3, 29
Let y be -1 + 1 + 0/4. Let t be (y + -1)/((-3)/21). Suppose -12*d + 150 = -t*d. What are the prime factors of d?
2, 3, 5
Let z = 614 - 888. Let l = 482 + z. What are the prime factors of l?
2, 13
Suppose 0 = -49*n - 44*n + 74400. What are the prime factors of n?
2, 5
Suppose -w + 3*w = 176. Suppose 2*q - w = -2*x + 5*q, 49 = x + q. List the prime factors of x.
47
Suppose -80 - 124 = -2*n. Suppose -4*w - 20 = 0, -2*w = v + n - 243. Let o = v - 76. What are the prime factors of o?
3, 5
Suppose -v - 2*r = -10, -v - 7 = -4*r + 7. Let t = v - -11. Let o(i) = 4*i - 10. List the prime factors of o(t).
2, 3, 7
Let k = -593 + 1749. List the prime factors of k.
2, 17
Let n = 10 + -7. Let u be 70/21 - (-2)/n. Suppose 2*m + u = 28. What are the prime factors of m?
2, 3
Let a(j) = -j**2 + 17*j + 30. Let h be a(13). List the prime factors of (h/6)/(((-8)/(-12))/2).
41
Suppose -c - c - 2*i = -5026, -3*i = c - 2509. What are the prime factors of c?
5, 503
Let h(g) = -21*g + 39*g - 17*g + 1. Let f = 9 - 0. List the prime factors of h(f).
2, 5
Let k(i) = i**2 + 1. Let v be k(2). Suppose -4*l = 2*w - 66, 0 = -v*l + 2*l + 12. Let n = w + -6. What are the prime factors of n?
19
Let i(b) = 5*b + 18 - 2*b + 3*b. Suppose -8 = -2*u, -5*l - 15*u = -16*u - 41. What are the prime factors of i(l)?
2, 3
Suppose -4*s + 31 + 5 = 0. Suppose -s*h = -6*h - 192. Let y = -33 + h. What are the prime factors of y?
31
Let l(a) = 45*a**2. Let v be l(-2). Suppose 2*g + g = v. List the prime factors of g.
2, 3, 5
List the prime factors of ((-2682)/4)/((-35)/70).
3, 149
Let x be 0/(-2) + 1 - -28. Suppose 12*a - 11*a + x = 0. Let p = a + 108. What are the prime factors of p?
79
Suppose -195 = -9*l + 1065. What are the prime factors of l?
2, 5, 7
Suppose -5*o + 2*d + 376 = 0, 0 = o - d - 83 + 6. Let j = -272 + 226. Let y = j + o. What are the prime factors of y?
2, 7
Let k(a) = -25*a + 2*a**3 - 4*a - 18*a**2 + 3 - a**3 - 2. What are the prime factors of k(20)?
13, 17
Let b(h) = h**2 + 12*h - 11. Let x(q) = -2*q**2 + 2*q - 1. Let z be x(-2). Let t be b(z). Suppose 180 = t*m + 3*m. List the prime factors of m.
2, 3
Suppose 0 = -0*i - 2*i + 2. List the prime factors of 85/10*(i + 1).
17
Suppose -d - 501 = -4*w + 268, -2*d + 181 = w. List the prime factors of w.
191
Suppose -j + 1 = 0, -j = -4*y - 0*j - 5. Suppose -3 = -h + 3. What are the prime factors of (-1)/(y - h/(-9))?
3
Suppose 6*v = 4*v + 6. Suppose 20 = n + 2*d + v*d, -n - 2*d = -8. Suppose n = 2*f - 65 + 13. List the prime factors of f.
2, 13
Suppose -14*s + 1220 = -4*s. Let z = 203 - s. List the prime factors of z.
3
Suppose -s = -0*s. Suppose s = -3*l + 2*l. Let j = l + 8. List the prime factors of j.
2
Let a(n) = n**3 - 16*n**2 - 38*n - 1. List the prime factors of a(19).
2, 3, 5
What are the prime factors of (3082/10)/((-28)/(-140)) + 0?
23, 67
Let d = 662 - 65. List the prime factors of d.
3, 199
Suppose 327*k - 331*k + 9076 = 0. List the prime factors of k.
2269
Suppose -5*l = -16*l + 11275. What are the prime factors of l?
5, 41
Let y be (-520)/(-2)*(-21)/(-28). Let l = y + -138. Suppose l - 421 = -7*u. What are the prime factors of u?
2, 13
Let q(p) = 15*p**2 + 15*p - 13. List the prime factors of q(6).
617
Let u(t) = -46*t + 31. List the prime factors of u(-14).
3, 5
Let l(m) = -3*m + 15. Let f(t) = 2*t - 10. Let w(g) = 7*f(g) + 5*l(g). Let o(x) = 4. Let v(c) = 4*o(c) - 3*w(c). What are the prime factors of v(7)?
2, 11
Let z = -29 - -52. Let y = 18 - z. List the prime factors of (-159)/6*(y + 3).
53
Suppose 243*z + 45 = 244*z. What are the prime factors of z?
3, 5
Let l(t) = -142*t + 6. Let i be l(-3). Suppose -4*b + i = 4*b. List the prime factors of b.
2, 3
Suppose -4*j + 4*y + 510 = y, 2*j = -5*y + 268. List the prime factors of j.
3, 43
Let a be (-2)/5 + 410/25. Let u be 276/a*(-8)/(-2). Let h = -49 + u. List the prime factors of h.
2, 5
Let j = -17 - -19. Suppose -j*g = -279 - 129. Suppose -4*b = 2*b - g. List the prime factors of b.
2, 17
Let u(y) = -135*y**2 - 2*y - 2. Let t be u(-2). Let r be (-16)/(-32) - t/4. What are the prime factors of r/4 + 1/4?
2, 17
Let c(p) = -2*p**2 + 3*p + 789. What are the prime factors of c(0)?
3, 263
List the prime factors of -3*2454/(-18) - (-5)/(-1).
2, 101
Let p(z) = z**3 + z**2 + z + 242. What are the prime factors of p(0)?
2, 11
Let i(j) = -26*j + 1. Let f be i(2). List the prime factors of f/(-18) - (-1)/6 - -149.
2, 19
Let z = -95 + 275. Suppose -6*i = -10*i + z. Suppose 3*l - 72 = i. What are the prime factors of l?
3, 13
Suppose -243*z + 10 = -238*z. Suppose 0 = -z*a + 2*x + 236, a = -3*a - 5*x + 481. List the prime factors of a.
7, 17
Suppose -12*y - 15 = -17*y. Suppose -y*j = -8 - 16. What are the prime factors of j?
2
Let c(d) = -23*d + 18. What are the prime factors of c(-10)?
2, 31
Let m(v) = v + 6. Let w(i) = i + 1. Let h be w(-9). Let y be m(h). What are the prime factors of 46/(-8)*(-6 - y)?
23
Let b = 30 - 18. Let q(o) = o - 2. Let c be q(b). Let u = c - 1. List the prime factors of u.
3
Suppose -26*p + 455 = -21*p. Let l = p - 52. What are the prime factors of l?
3, 13
Suppose -2*v + 2*m + 12 = 0, 3*v - 3*m - m = 21. Suppose -48 = v*z + 30. Let a = z - -55. List the prime factors of a.
29
Let y(r) = 9*r + 21. Let m be y(11). Suppose m = -5*s - 45. Let k = 1 - s. List the prime factors of k.
2, 17
Let x(m) = -5 + 20*m + 5 - 19*m + 57*m**2. What are the prime factors of x(-1)?
2, 7
Suppose 0 = -3*d + 992 + 1078. Suppose 13*g - 7*g = d. What are the prime factors of g?
5, 23
List the prime factors of (16/(-32))/(2/(-2064)).
2, 3, 43
What are the prime factors of (120/16)/(1/314)?
3, 5, 157
Let z(m) = 5*m - 38. Let c be z(7). What are the prime factors of 152/(-3)*c/2?
2, 19
Let x = 12 + 24. Let r be ((-2)/(-3) - -2)*-3. List the prime factors of x + (-4 - r)*-1.
2
Suppose 39*i - 32*i - 5446 = 0. List the prime factors of i.
2, 389
Suppose 4*j + 3*l - 39 = 0, j + j - 17 = -l. Let k(q) = -4*q + 106. Let n be k(24). Let i = n - j. What are the prime factors of i?
2
Suppose l + 0*l - 93 = 0. Suppose 0 = 4*z + 16, 0*z + l = -5*d + 3*z. What are the prime factors of 6/(-21) + (-258)/d?
2, 3
Suppose -5*f - 4*j = -4187, f - 4*j + 847 = 2*f. What are the prime factors of f?
5, 167
Suppose i + 699 = 3*c, 4*c + 5*i - 272 = 641. List the prime factors of c.
2, 29
Let w(k) = k**2 - 9*k - 4. Let y be w(10). Let p = 57 + -34. Let s = p + y. List the prime factors of s.
29
Let a = -74 + 79. Suppose -u = 2*u - 9, -4*u = a*f - 807. List the prime factors of f.
3, 53
List the prime factors of 3/((-27)/(-4788)) + 3.
5, 107
Let w be 7 + (6 + -8)/(1/2). Suppose -x + 269 = w*h, -x - 5*h + 535 = x. List the prime factors of x.
2, 5, 13
Let o(j) = -3081*j**3 - 7*j - 6. What are the prime factors of o(-1)?
2, 23, 67
Suppose -5*k + k + 1372 = 0. Suppose 7*v - 329 = k. What are the prime factors of v?
2, 3
What are the prime factors of (-18515)/(-95) + (-2)/(-19)?
3, 5, 13
Let a(o) = -o**3 - 2*o**2 + o - 4. Let d be a(-3). Suppose -460 = 5*z - 3*m, -229 = 2*z + 4*m - 45. What are the prime factors of -4 - 1/(d/z)?
2, 3, 7
Let u = 185 + 1325. List the prime factors of u.
2, 5, 151
Suppose -42 = 3*z - 4*z. Suppose 0 = -m + 3*s + 76, 2*m + 3*s = z + 74. Let c = 113 - m. What are the prime factors of c?
7
Suppose 3*r + 2*u - 7 = 0, -2*r + 5*u + 14 = r. What are the prime factors of 294/3 - (-1 + r)*-1?
2, 5
Suppose -1240 = -4*w + 1588. List the prime factors of w.
7, 101
Let l(x) = 3*x - 3. Let d be l(5). Suppose -22 = -3*a + a + 3*g, 0 = a + 2*g + 3. Suppose -a*z + 3*z + d = 0. What are the prime factors of z?
2, 3
Let i = -166 + 499